{"id":51,"date":"2024-06-07T13:04:04","date_gmt":"2024-06-07T11:04:04","guid":{"rendered":"http:\/\/bipzp.powiatlubaczowski.pl\/?page_id=51"},"modified":"2025-07-04T12:34:17","modified_gmt":"2025-07-04T10:34:17","slug":"ogloszenia","status":"publish","type":"page","link":"http:\/\/bipzp.powiatlubaczowski.pl\/?page_id=51","title":{"rendered":"Og\u0142oszenia"},"content":{"rendered":"\n<p><a href=\"http:\/\/bipzp.powiatlubaczowski.pl\/wp-content\/uploads\/2025\/07\/Informacja-o-wynikach-naboru.pdf\" data-type=\"link\" data-id=\"http:\/\/bipzp.powiatlubaczowski.pl\/wp-content\/uploads\/2025\/07\/Informacja-o-wynikach-naboru.pdf\">Informacja o wynikach naboru<\/a><\/p>\n\n\n\n<p><a href=\"http:\/\/bipzp.powiatlubaczowski.pl\/wp-content\/uploads\/2025\/07\/lista-kandydatow.pdf\" data-type=\"link\" data-id=\"http:\/\/bipzp.powiatlubaczowski.pl\/wp-content\/uploads\/2025\/07\/lista-kandydatow.pdf\">Lista kandydat\u00f3w<\/a><\/p>\n\n\n\n<p><a href=\"http:\/\/bipzp.powiatlubaczowski.pl\/wp-content\/uploads\/2025\/06\/SKM_C364e25062310400.pdf\" data-type=\"link\" data-id=\"http:\/\/bipzp.powiatlubaczowski.pl\/wp-content\/uploads\/2024\/11\/Ogloszenie.pdf\">Og\u0142oszenie o naborze na wolne stanowisko urz\u0119dnicze<\/a><\/p>\n\n\n\n<p><a href=\"http:\/\/bipzp.powiatlubaczowski.pl\/wp-content\/uploads\/2025\/06\/oswiadczenie.doc\" data-type=\"link\" data-id=\"http:\/\/bipzp.powiatlubaczowski.pl\/wp-content\/uploads\/2024\/08\/Oswiadczenie.pdf\">O\u015bwiadczenie<\/a><\/p>\n\n\n\n<hr class=\"wp-block-separator has-alpha-channel-opacity\"\/>\n\n\n\n<hr class=\"wp-block-separator has-alpha-channel-opacity\"\/>\n\n\n\n<!--more-->\n\n\n\n<p>Archiwum<\/p>\n\n\n\n<p><a href=\"http:\/\/bipzp.powiatlubaczowski.pl\/wp-content\/uploads\/2024\/12\/Informacja-o-wyniku-naboru.pdf\">Informacja o wynikach naboru<\/a><\/p>\n\n\n\n<p><a href=\"http:\/\/bipzp.powiatlubaczowski.pl\/wp-content\/uploads\/2024\/12\/Lista-kandydatow.pdf\" data-type=\"link\" data-id=\"http:\/\/bipzp.powiatlubaczowski.pl\/wp-content\/uploads\/2024\/12\/Lista-kandydatow.pdf\">Lista kandydat\u00f3w spe\u0142niaj\u0105cych wymagania formalne<\/a><\/p>\n\n\n\n<p><\/p>\n\n\n\n<p><a href=\"http:\/\/bipzp.powiatlubaczowski.pl\/wp-content\/uploads\/2024\/11\/Ogloszenie.pdf\" data-type=\"link\" data-id=\"http:\/\/bipzp.powiatlubaczowski.pl\/wp-content\/uploads\/2024\/11\/Ogloszenie.pdf\">Og\u0142oszenie o naborze na wolne stanowisko urz\u0119dnicze<\/a><\/p>\n\n\n\n<p><a href=\"http:\/\/bipzp.powiatlubaczowski.pl\/wp-content\/uploads\/2024\/11\/oswiadczenie.doc\" data-type=\"link\" data-id=\"http:\/\/bipzp.powiatlubaczowski.pl\/wp-content\/uploads\/2024\/08\/Oswiadczenie.pdf\">O\u015bwiadczenie<\/a><\/p>\n\n\n\n<p><\/p>\n\n\n\n<p><a href=\"http:\/\/bipzp.powiatlubaczowski.pl\/wp-content\/uploads\/2024\/08\/Ogloszenie-o-naborze.pdf\" data-type=\"link\" data-id=\"http:\/\/bipzp.powiatlubaczowski.pl\/wp-content\/uploads\/2024\/08\/Ogloszenie-o-naborze.pdf\">Og\u0142oszenie o naborze na wolne stanowisko urz\u0119dnicze BHP<\/a><\/p>\n\n\n\n<p><a href=\"http:\/\/bipzp.powiatlubaczowski.pl\/wp-content\/uploads\/2024\/08\/Oswiadczenie.pdf\" data-type=\"link\" data-id=\"http:\/\/bipzp.powiatlubaczowski.pl\/wp-content\/uploads\/2024\/08\/Oswiadczenie.pdf\">O\u015bwiadczenie<\/a><\/p>\n\n\n\n<p><a href=\"http:\/\/bipzp.powiatlubaczowski.pl\/wp-content\/uploads\/2024\/08\/Lista-kandydatow.pdf\" data-type=\"link\" data-id=\"http:\/\/bipzp.powiatlubaczowski.pl\/wp-content\/uploads\/2024\/08\/Lista-kandydatow.pdf\">Lista kandydat\u00f3w spe\u0142niaj\u0105ce wymagania formalne<\/a><\/p>\n\n\n\n<p><a href=\"http:\/\/bipzp.powiatlubaczowski.pl\/wp-content\/uploads\/2024\/09\/Informacja-o-wynikach-naboru.pdf\" data-type=\"link\" data-id=\"http:\/\/bipzp.powiatlubaczowski.pl\/wp-content\/uploads\/2024\/09\/Informacja-o-wynikach-naboru.pdf\">Informacje o wynikach nabory<\/a><\/p>\n\n\n\n<p>&#8230;&#8230;&#8230;&#8230;&#8230;&#8230;&#8230;&#8230;&#8230;&#8230;&#8230;&#8230;&#8230;&#8230;&#8230;&#8230;&#8230;&#8230;&#8230;&#8230;&#8230;&#8230;&#8230;&#8230;&#8230;&#8230;&#8230;&#8230;&#8230;&#8230;&#8230;&#8230;&#8230;&#8230;&#8230;&#8230;&#8230;&#8230;&#8230;&#8230;&#8230;&#8230;&#8230;&#8230;&#8230;<\/p>\n\n\n\n<p><a href=\"http:\/\/bipzp.powiatlubaczowski.pl\/wp-content\/uploads\/2024\/06\/Ogloszenie-ZP.pdf\">Og\u0142oszenie w sprawie konkursu na kandydata na stanowisko dyrektora Zespo\u0142u Plac\u00f3wek im. Jana Paw\u0142a II w Lubaczowie<\/a><\/p>\n","protected":false},"excerpt":{"rendered":"<p>Informacja o wynikach naboru Lista kandydat\u00f3w Og\u0142oszenie o naborze na wolne stanowisko urz\u0119dnicze O\u015bwiadczenie<\/p>\n","protected":false},"author":1,"featured_media":0,"parent":0,"menu_order":0,"comment_status":"closed","ping_status":"closed","template":"","meta":{"footnotes":""},"class_list":["post-51","page","type-page","status-publish","hentry"],"_links":{"self":[{"href":"http:\/\/bipzp.powiatlubaczowski.pl\/index.php?rest_route=\/wp\/v2\/pages\/51","targetHints":{"allow":["GET"]}}],"collection":[{"href":"http:\/\/bipzp.powiatlubaczowski.pl\/index.php?rest_route=\/wp\/v2\/pages"}],"about":[{"href":"http:\/\/bipzp.powiatlubaczowski.pl\/index.php?rest_route=\/wp\/v2\/types\/page"}],"author":[{"embeddable":true,"href":"http:\/\/bipzp.powiatlubaczowski.pl\/index.php?rest_route=\/wp\/v2\/users\/1"}],"replies":[{"embeddable":true,"href":"http:\/\/bipzp.powiatlubaczowski.pl\/index.php?rest_route=%2Fwp%2Fv2%2Fcomments&post=51"}],"version-history":[{"count":14,"href":"http:\/\/bipzp.powiatlubaczowski.pl\/index.php?rest_route=\/wp\/v2\/pages\/51\/revisions"}],"predecessor-version":[{"id":102,"href":"http:\/\/bipzp.powiatlubaczowski.pl\/index.php?rest_route=\/wp\/v2\/pages\/51\/revisions\/102"}],"wp:attachment":[{"href":"http:\/\/bipzp.powiatlubaczowski.pl\/index.php?rest_route=%2Fwp%2Fv2%2Fmedia&parent=51"}],"curies":[{"name":"wp","href":"https:\/\/api.w.org\/{rel}","templated":true}]}}

Ogłoszenia

<p><a href="http://bipzp.powiatlubaczowski.pl/wp-content/uploads/2025/07/Informacja-o-wynikach-naboru.pdf" data-type="link" data-id="http://bipzp.powiatlubaczowski.pl/wp-content/uploads/2025/07/Informacja-o-wynikach-naboru.pdf">Informacja o wynikach naboru</a></p>



<p><a href="http://bipzp.powiatlubaczowski.pl/wp-content/uploads/2025/07/lista-kandydatow.pdf" data-type="link" data-id="http://bipzp.powiatlubaczowski.pl/wp-content/uploads/2025/07/lista-kandydatow.pdf">Lista kandydatów</a></p>



<p><a href="http://bipzp.powiatlubaczowski.pl/wp-content/uploads/2025/06/SKM_C364e25062310400.pdf" data-type="link" data-id="http://bipzp.powiatlubaczowski.pl/wp-content/uploads/2024/11/Ogloszenie.pdf">Ogłoszenie o naborze na wolne stanowisko urzędnicze</a></p>



<p><a href="http://bipzp.powiatlubaczowski.pl/wp-content/uploads/2025/06/oswiadczenie.doc" data-type="link" data-id="http://bipzp.powiatlubaczowski.pl/wp-content/uploads/2024/08/Oswiadczenie.pdf">Oświadczenie</a></p>



<hr class="wp-block-separator has-alpha-channel-opacity"/>



<hr class="wp-block-separator has-alpha-channel-opacity"/>



<!--more-->



<p>Archiwum</p>



<p><a href="http://bipzp.powiatlubaczowski.pl/wp-content/uploads/2024/12/Informacja-o-wyniku-naboru.pdf">Informacja o wynikach naboru</a></p>



<p><a href="http://bipzp.powiatlubaczowski.pl/wp-content/uploads/2024/12/Lista-kandydatow.pdf" data-type="link" data-id="http://bipzp.powiatlubaczowski.pl/wp-content/uploads/2024/12/Lista-kandydatow.pdf">Lista kandydatów spełniających wymagania formalne</a></p>



<p></p>



<p><a href="http://bipzp.powiatlubaczowski.pl/wp-content/uploads/2024/11/Ogloszenie.pdf" data-type="link" data-id="http://bipzp.powiatlubaczowski.pl/wp-content/uploads/2024/11/Ogloszenie.pdf">Ogłoszenie o naborze na wolne stanowisko urzędnicze</a></p>



<p><a href="http://bipzp.powiatlubaczowski.pl/wp-content/uploads/2024/11/oswiadczenie.doc" data-type="link" data-id="http://bipzp.powiatlubaczowski.pl/wp-content/uploads/2024/08/Oswiadczenie.pdf">Oświadczenie</a></p>



<p></p>



<p><a href="http://bipzp.powiatlubaczowski.pl/wp-content/uploads/2024/08/Ogloszenie-o-naborze.pdf" data-type="link" data-id="http://bipzp.powiatlubaczowski.pl/wp-content/uploads/2024/08/Ogloszenie-o-naborze.pdf">Ogłoszenie o naborze na wolne stanowisko urzędnicze BHP</a></p>



<p><a href="http://bipzp.powiatlubaczowski.pl/wp-content/uploads/2024/08/Oswiadczenie.pdf" data-type="link" data-id="http://bipzp.powiatlubaczowski.pl/wp-content/uploads/2024/08/Oswiadczenie.pdf">Oświadczenie</a></p>



<p><a href="http://bipzp.powiatlubaczowski.pl/wp-content/uploads/2024/08/Lista-kandydatow.pdf" data-type="link" data-id="http://bipzp.powiatlubaczowski.pl/wp-content/uploads/2024/08/Lista-kandydatow.pdf">Lista kandydatów spełniające wymagania formalne</a></p>



<p><a href="http://bipzp.powiatlubaczowski.pl/wp-content/uploads/2024/09/Informacja-o-wynikach-naboru.pdf" data-type="link" data-id="http://bipzp.powiatlubaczowski.pl/wp-content/uploads/2024/09/Informacja-o-wynikach-naboru.pdf">Informacje o wynikach nabory</a></p>



<p>&#8230;&#8230;&#8230;&#8230;&#8230;&#8230;&#8230;&#8230;&#8230;&#8230;&#8230;&#8230;&#8230;&#8230;&#8230;&#8230;&#8230;&#8230;&#8230;&#8230;&#8230;&#8230;&#8230;&#8230;&#8230;&#8230;&#8230;&#8230;&#8230;&#8230;&#8230;&#8230;&#8230;&#8230;&#8230;&#8230;&#8230;&#8230;&#8230;&#8230;&#8230;&#8230;&#8230;&#8230;&#8230;</p>



<p><a href="http://bipzp.powiatlubaczowski.pl/wp-content/uploads/2024/06/Ogloszenie-ZP.pdf">Ogłoszenie w sprawie konkursu na kandydata na stanowisko dyrektora Zespołu Placówek im. Jana Pawła II w Lubaczowie</a></p>

<p>Informacja o wynikach naboru Lista kandydatów Ogłoszenie o naborze na wolne stanowisko urzędnicze Oświadczenie</p>
